e
Let v = -2 + -2. Let q be (1 + v/6)*9. Let n = q - -82. Is n composite?
True
Is 22754/(-186)*-3*11 prime?
False
Suppose u - 4*l = -l - 651, 3*l + 3165 = -5*u. Let d = 149 - u. Is d a composite number?
True
Suppose 6908 = -8*q + 4*q. Let w = -983 - q. Suppose -u + 5*n = -w, -2*n + 1270 = 4*u - 1728. Is u composite?
True
Let n(k) = k**3 - k**2 - k + 2. Let i be n(2). Suppose -2465 - 419 = -i*w. Is w a prime number?
False
Let n(s) = 81*s + 7. Let i be n(-4). Suppose -2435 = 6*g + 1309. Let v = i - g. Is v composite?
False
Let v be (0 - 1/2)*0. Suppose 3*o = -v*o. Suppose -5*p + 6*p - 141 = o. Is p a prime number?
False
Suppose 30 = 5*m + n, -11 = -4*m - n + 14. Is (-3 + 2)*(-1559 + m + -5) composite?
False
Let w(d) be the first derivative of -7*d**2/2 - 18*d + 1. Let r be 1/(-6) + ((-909)/54 - -9). Is w(r) a composite number?
True
Let o = 20427 - 12388. Is o a composite number?
False
Let i(h) be the first derivative of 145*h**2/2 + 17*h + 28. Is i(6) a composite number?
False
Let x(d) = 307*d**2 + 2*d - 4. Let k be x(2). Suppose v - 5*v = -k. Is v a prime number?
True
Let x(q) = -q**3 - 2*q**2 + 38*q + 84. Is x(-23) a prime number?
False
Suppose -13*q - 2*p = -8*q - 247399, q = 3*p + 49490. Is q a prime number?
True
Suppose 15*z = 16*z - 1067. Is z a prime number?
False
Let z = -913 + 605. Let s = z - -499. Is s a prime number?
True
Let q be ((-1 - -6)*2)/(-2 + 4). Suppose -q*u + u = -9304. Is u a prime number?
False
Let y(a) = 3*a + 6. Let u be y(-9). Is 7/(u/(-12)) - -1667 composite?
True
Let h(l) = 1056*l**3 + l**2 - 8*l + 7. Let d be h(3). Suppose 4*z = -4*z + d. Is z prime?
False
Suppose -187648 - 211787 = -15*i. Is i a composite number?
True
Let q(s) = 2*s**2 - 7*s - 4. Let n = -78 - -71. Is q(n) prime?
False
Suppose -g + 735 = -2*t, -g + 1053 = -5*t + 303. Suppose 9*p - g = 4*p. Let o = p + 78. Is o composite?
False
Suppose -2 = -k, -n + 5*k = -2460 - 8941. Is n a composite number?
False
Suppose 0 = -22*c + 18*c. Suppose 3*a + 20 - 8 = c, -4*n = a - 28. Is (326/4)/(4/n) prime?
True
Let f = -1173 + 2830. Is f a composite number?
False
Let v(r) = -4*r**3 - 3*r**2 + r - 3. Let k be v(-3). Suppose 4*a + k = n + 5*a, 2*a + 2 = 0. Suppose 5*b = 79 + n. Is b prime?
True
Suppose -69334 = -11*o - 4511. Is o prime?
False
Let x(b) = 13*b**2 + 6*b + 4. Let a be (-40)/30*(-1 - -4). Let i be x(a). Let p = i + -109. Is p a composite number?
False
Suppose m - 5 = 2*r - 0*m, -4*m = 5*r + 19. Let a be ((r - 1) + 2)*4. Let v(c) = 7*c**2 - 18*c - 5. Is v(a) composite?
False
Let x(b) = -57*b + 197. Is x(-28) a composite number?
True
Let l(a) = a**3 - 13*a**2 - a + 14. Let k be l(13). Let q be 343/2*(-1 - k). Let j = q + 502. Is j composite?
True
Suppose -13*h + 74325 - 24652 = 0. Is h a composite number?
False
Let m = 20 - 18. Suppose 5*t = m*s - 0*t + 16, -s + 18 = 4*t. Suppose -740 = -s*l + 542. Is l a composite number?
False
Let p(n) = 36*n - 19. Let l(h) = 37*h - 20. Let v(a) = -3*l(a) + 2*p(a). Is v(-9) composite?
False
Let k(b) be the first derivative of b**4/4 - 7*b**3/6 + b**2/2 + 14*b + 7. Let v(y) be the first derivative of k(y). Is v(6) a composite number?
False
Suppose 384 = -0*b - 4*b. Let m = 211 + b. Is m a composite number?
True
Let f(y) be the third derivative of y**6/120 + y**5/20 - 5*y**4/24 - 2*y**3/3 - 8*y**2. Let r be f(-4). Is (-4 + 3 - r)*-67 composite?
False
Let n(a) = 6*a + 345. Is n(-37) composite?
True
Let p = 300 + 41. Let z = 1 - 2. Is z*-1*p/1 a prime number?
False
Let b(q) = -193*q - 6. Let l(v) = -v**2 + 2*v + 30. Let r be l(7). Is b(r) a composite number?
True
Let l = -9816 - -14083. Is l a composite number?
True
Suppose 1 = 2*x - 7. Suppose -d - 4 = -x*o + 9, 2*d + 14 = 5*o. Is (-8)/6*d/(-2) a prime number?
True
Let o(r) = 1274*r**2 - 17*r - 31. Is o(-2) a prime number?
True
Let q = -527 + 34. Let p = q + -632. Is (-2)/8 + p/(-36) prime?
True
Suppose 5*n = 5*l + 3*n + 24, -l - 12 = -4*n. Let t be 55 - (6 - -2)/l. Is t/2*4/3 prime?
False
Let a = 5 - 4. Let h be (a - -1)*669/6. Suppose -h = m - 2*m. Is m composite?
False
Suppose a - 8 = -a. Suppose -6*o + 4*o - 5*w = -11881, -a*w = -2*o + 11926. Is o composite?
False
Let t(n) = -29*n - 12. Let o be t(9). Let g be 3/(-9)*(o + 0). Let c = g + 312. Is c a prime number?
False
Let f(a) = -a**3 + 4*a**2 - 3. Let u be f(4). Is 416 - u/3 - 6/(-3) a composite number?
False
Let v be (-23)/(-4) + (-6)/(-24). Suppose v*d - 7*d = 0. Suppose -1268 = -4*k - d*k. Is k prime?
True
Suppose 7024 = 14*l - 221610. Is l composite?
True
Let z be (0 + -3 - -2) + 1. Suppose -c - 10 = -a - 1, z = 3*c + 2*a + 32. Is c/((8/71)/(-4)) a composite number?
True
Let u = 44 - 35. Is (-17408)/(-18) + (-1)/u composite?
False
Suppose 3*s = -3*r + 3, 5*s = 3*r + 4*s - 15. Suppose -4*x + 756 = r*p - 2*p, 5*p = 3*x - 593. Is x composite?
False
Is (29421 + 42 - (-9 + 2)) + 3 prime?
True
Suppose 3*j + 12 = 0, 0 = 12*c - 14*c + 4*j + 49844. Is c composite?
True
Let v(b) be the third derivative of -b**5/12 - 7*b**4/24 + b**3/3 + 5*b**2. Let x be v(-10). Let q = -279 - x. Is q a composite number?
False
Suppose -85 = -4*w - 537. Let f = w + 187. Is f prime?
False
Let j(m) = 2088*m + 21. Is j(2) a composite number?
True
Suppose 4*s - s - 2*q = -49211, 0 = 3*q - 12. Let d(v) = v. Let x be d(-6). Is s/(-22)*(-4)/x composite?
True
Suppose 23 = -8*y + 7. Let i(t) = 879*t**2 - 4*t - 13. Is i(y) prime?
True
Let p(n) be the third derivative of -n**4/8 - n**3/2 + 2*n**2. Let i be p(-2). Suppose -i*h + 1636 = h. Is h prime?
True
Let h = -82 + 81. Is ((-648)/4 - 4)*h a composite number?
True
Let c(y) = -18*y**2 - 2*y - 3. Let t be c(-2). Suppose -12*l - 128 = -20*l. Let g = l - t. Is g composite?
True
Let g = -17 - -9. Is -41*(4/g - (-74)/(-4)) composite?
True
Suppose 0 = 3*l - b - 40 - 19, 5*l + 2*b - 80 = 0. Suppose 231 = -15*y + l*y. Is y a composite number?
True
Suppose 270681 = 7*d + 65987. Is d prime?
False
Let k = 129055 - 80390. Is k composite?
True
Suppose 3*k = -4*k + 20594. Suppose 1471 = t - 3*y, 6*t + 3*y - k = 4*t. Is t composite?
False
Let s = 6 + -3. Let w(t) = t**3 - 2*t**2 - 4*t + 7. Let o be w(s). Suppose o*d - 3*d = 74. Is d composite?
True
Suppose -20*d = -16*d - 60. Suppose -d = 5*r, -5*b - r - 2*r = -2126. Is b composite?
True
Let j(y) = -y**2 + 0*y**2 + 7*y - 5 - 2. Let f be j(6). Is (141/2)/(f/(-2)) prime?
False
Let y = 4624 - 2727. Suppose 0 = -3*i - 4*d + y, -i + 5*i - 2*d = 2522. Is i a prime number?
True
Suppose -20545 = o - 8*o. Is o a prime number?
False
Let x(l) = -12*l + 25. Let k = -36 - -24. Is x(k) a composite number?
True
Let j(b) = -b**3 + 30*b**2 - 20*b + 47. Is j(26) composite?
True
Suppose -2*z - 4 = -0*z. Let g be 1*z/2*-3. Suppose w + 465 = 3*d, 4*d = 9*d - g*w - 775. Is d prime?
False
Let g = -2 - -6. Suppose 0 = -y + 3*r + 130, -1 = 5*r + g. Is y composite?
False
Let x(u) be the third derivative of -u**7/2520 + u**6/360 + 17*u**5/24 - u**4/3 - 6*u**2. Let d(q) be the second derivative of x(q). Is d(0) composite?
True
Let y(f) = 2760*f + 269. Is y(15) a prime number?
True
Let w(x) = 15*x**3 - 3*x**2 - 2*x + 1. Let d be w(-2). Let j = d - -50. Is (j/(-14))/((-1)/(-10)) prime?
False
Let g = 3 - 0. Suppose -g*v + 38 = d - 9, -v - 31 = -d. Is d a prime number?
False
Let d be ((-208)/(-130))/(-2*(-2)/(-50)). Is ((-68)/d - 4) + 836/10 a composite number?
False
Let k(j) = -6*j**2 + 22*j + 10. Let f(c) = 5*c**2 - 21*c - 9. Let a(m) = 7*f(m) + 6*k(m). Is a(-7) a composite number?
False
Let k be (17 - -4) + -1 + -3. Let c = k - 11. Suppose -4*g = -c*g + 1114. Is g a prime number?
True
Suppose p - 829 = 514. Is (p - -1) + (-2 - -4 - 0) a composite number?
True
Let p(m) = -538*m + 73. Is p(-8) composite?
True
Let j(k) = 22*k**2 + 7*k - 5. Let u(v) = 43*v**2 + 13*v - 11. Let h(s) = -7*j(s) + 4*u(s). Is h(4) a composite number?
True
Let z = 2134 + -1060. Suppose 3*b - 2701 = -2*b + v, 2*b - z = 2*v. Is b composite?
False
Suppose 3*y + 2*y + 3*n = -426, y = 3*n - 96. Is y/(3*(3 + 20/(-6))) a prime number?
False
Let g = -467 + 4316. Is g a prime number?
False
Let k be ((-370)/(-4))/(3 + 145/(-50)). Let a = k + 276. Is a a composite number?
False
Let w(q) = -6*q**2 + 11*q - 55. Let i be w(24). Let p = i - -5196. Is p prime?
True
Suppose -20*w + 22681 = -18219. Is w composite?
True
Let s = -1448 - -87